{"id":10220,"date":"2025-10-14T13:04:05","date_gmt":"2025-10-14T11:04:05","guid":{"rendered":"https:\/\/www.masderma.es\/distribuidora\/?post_type=product&#038;p=10220"},"modified":"2025-11-07T19:30:21","modified_gmt":"2025-11-07T18:30:21","slug":"viales-pdrn-complex-dna","status":"publish","type":"product","link":"https:\/\/www.masderma.es\/distribuidora\/producto\/viales-pdrn-complex-dna\/","title":{"rendered":"Viales PDRN Complex DNA"},"content":{"rendered":"<div class=\"wpb-content-wrapper\"><p>[vc_row gap=\"20\" equal_height=\"yes\" responsive_tabs_advanced=\"mobile\" woodmart_css_id=\"68dba060afdbf\" responsive_spacing=\"eyJwYXJhbV90eXBlIjoid29vZG1hcnRfcmVzcG9uc2l2ZV9zcGFjaW5nIiwic2VsZWN0b3JfaWQiOiI2OGRiYTA2MGFmZGJmIiwic2hvcnRjb2RlIjoidmNfcm93IiwiZGF0YSI6eyJ0YWJsZXQiOnt9LCJtb2JpbGUiOnt9fX0=\" mobile_bg_img_hidden=\"no\" tablet_bg_img_hidden=\"no\" woodmart_parallax=\"0\" woodmart_gradient_switch=\"no\" woodmart_box_shadow=\"no\" wd_z_index=\"no\" woodmart_disable_overflow=\"0\" row_reverse_mobile=\"1\" row_reverse_tablet=\"0\"][vc_column width=\"1\/2\" css=\".vc_custom_1759224071130{margin-top: -30px !important;border-right-width: 1px !important;background-image: url(https:\/\/www.masderma.es\/distribuidora\/wp-content\/uploads\/2025\/09\/logo-agua2.png?id=9956) !important;background-position: center !important;background-repeat: no-repeat !important;background-size: contain !important;border-right-style: solid !important;border-color: #C2C2C2 !important;}\" woodmart_css_id=\"68dba0fd7b727\" parallax_scroll=\"no\" woodmart_sticky_column=\"false\" wd_collapsible_content_switcher=\"no\" wd_column_role_offcanvas_desktop=\"no\" wd_column_role_offcanvas_tablet=\"no\" wd_column_role_offcanvas_mobile=\"no\" wd_column_role_content_desktop=\"no\" wd_column_role_content_tablet=\"no\" wd_column_role_content_mobile=\"no\" mobile_bg_img_hidden=\"no\" tablet_bg_img_hidden=\"no\" woodmart_parallax=\"0\" woodmart_box_shadow=\"no\" responsive_spacing=\"eyJwYXJhbV90eXBlIjoid29vZG1hcnRfcmVzcG9uc2l2ZV9zcGFjaW5nIiwic2VsZWN0b3JfaWQiOiI2OGRiYTBmZDdiNzI3Iiwic2hvcnRjb2RlIjoidmNfY29sdW1uIiwiZGF0YSI6eyJ0YWJsZXQiOnt9LCJtb2JpbGUiOnsibWFyZ2luLXRvcCI6Ii1weCIsImJvcmRlci1yaWdodC13aWR0aCI6IjBweCIsInBhZGRpbmctdG9wIjoiMHB4In19fQ==\" mobile_reset_margin=\"no\" tablet_reset_margin=\"no\" wd_z_index=\"no\"][vc_column_text css=\"\" woodmart_inline=\"no\" text_larger=\"no\"]<\/p>\n<p style=\"text-align: justify;\"><strong>Ingredientes:<\/strong><\/p>\n<p style=\"text-align: justify;\">Purified water, Sodium hyaluronate, Niacinamide, Ethanol, ButyleneGlycol, Glycerin, Hamamelis Virginiana (Witch Hazel) ,Leaf Extract,Palmitoyl Pentapeptide-4, Acetyl Hexapeptide-1, Adenosine, Carnosine, Polyglutamic Acid, Glutathione, Beta-Glucan, Zanthoxylum piperitum Fruit Extract, Pulsatilla Koreana Extract, DNA, Betaine, PEG-60 Hydrogenated Castor Oil, 1,2-Hexanediol, Caprylyl Glycol, Disodium EDTA, Fragrance<\/p>\n<p>[\/vc_column_text][\/vc_column][vc_column width=\"1\/2\" css=\".vc_custom_1759224201661{background-image: url(https:\/\/www.masderma.es\/distribuidora\/wp-content\/uploads\/2025\/09\/logo-agua2.png?id=9956) !important;background-position: center !important;background-repeat: no-repeat !important;background-size: contain !important;}\" woodmart_css_id=\"68dba17dea959\" parallax_scroll=\"no\" woodmart_sticky_column=\"false\" wd_collapsible_content_switcher=\"no\" wd_column_role_offcanvas_desktop=\"no\" wd_column_role_offcanvas_tablet=\"no\" wd_column_role_offcanvas_mobile=\"no\" wd_column_role_content_desktop=\"no\" wd_column_role_content_tablet=\"no\" wd_column_role_content_mobile=\"no\" mobile_bg_img_hidden=\"no\" tablet_bg_img_hidden=\"no\" woodmart_parallax=\"0\" woodmart_box_shadow=\"no\" responsive_spacing=\"eyJwYXJhbV90eXBlIjoid29vZG1hcnRfcmVzcG9uc2l2ZV9zcGFjaW5nIiwic2VsZWN0b3JfaWQiOiI2OGRiYTE3ZGVhOTU5Iiwic2hvcnRjb2RlIjoidmNfY29sdW1uIiwiZGF0YSI6eyJ0YWJsZXQiOnt9LCJtb2JpbGUiOnsibWFyZ2luLXRvcCI6Ii00MHB4In19fQ==\" mobile_reset_margin=\"no\" tablet_reset_margin=\"no\" wd_z_index=\"no\"][vc_column_text css=\"\" woodmart_inline=\"no\" text_larger=\"no\"]<\/p>\n<p style=\"text-align: justify;\">El PDRN act\u00faa activando receptores celulares que promueven la mejora y regeneraci\u00f3n de los tejidos.<\/p>\n<p style=\"text-align: justify;\">Adem\u00e1s, aumenta la microcirculaci\u00f3n, lo que mejora la oxigenaci\u00f3n de los tejidos y favorece la s\u00edntesis de factores de crecimiento, esenciales para la piel.<\/p>\n<p style=\"text-align: justify;\"><strong>Principales activos:<\/strong><\/p>\n<ul>\n<li style=\"text-align: justify;\">Regeneraci\u00f3n celular intensiva gracias al EGF y p\u00e9ptidos biomim\u00e9ticos.<\/li>\n<li style=\"text-align: justify;\">Reducci\u00f3n visible de l\u00edneas de expresi\u00f3n y mejora de la firmeza.<\/li>\n<li style=\"text-align: justify;\">Hidrataci\u00f3n multicapa con \u00e1cido hialur\u00f3nico, polyglutamic acid y betaine.<\/li>\n<li style=\"text-align: justify;\">Iluminaci\u00f3n y unificaci\u00f3n del tono con niacinamida y glutathione.<\/li>\n<li style=\"text-align: justify;\">Protecci\u00f3n antioxidante frente a radicales libres y estr\u00e9s ambiental.<\/li>\n<li style=\"text-align: justify;\">Calma y refuerzo de la barrera cut\u00e1nea.<\/li>\n<li style=\"text-align: justify;\">DNA: Estimula renovaci\u00f3n celular.<\/li>\n<li style=\"text-align: justify;\">Palmitoyl Pentapeptide-4: Estimula producci\u00f3n de col\u00e1geno, mejora firmeza.<\/li>\n<li style=\"text-align: justify;\">Acetyl Hexapeptide-1: Relajaci\u00f3n muscular<\/li>\n<\/ul>\n<p>[\/vc_column_text][\/vc_column][\/vc_row]<\/p>\n<\/div>","protected":false},"excerpt":{"rendered":"<p style=\"text-align: justify;\">S\u00e9rum enfocado en la hidrataci\u00f3n profunda, la mejora del tono y la textura de la piel, y la acci\u00f3n antienvejecimiento.<\/p>\n<p style=\"text-align: justify;\"><strong>Formato: <\/strong>5 viales x 5 ml<\/p>\n<p style=\"text-align: justify;\">Regenerador celular - Oxigenado de tejidos<\/p>\n","protected":false},"featured_media":10202,"template":"","meta":{"_joinchat":[]},"product_brand":[],"product_cat":[106],"product_tag":[],"class_list":{"0":"post-10220","1":"product","2":"type-product","3":"status-publish","4":"has-post-thumbnail","6":"product_cat-viales","8":"first","9":"instock","10":"sale","11":"taxable","12":"shipping-taxable","13":"purchasable","14":"product-type-simple"},"_links":{"self":[{"href":"https:\/\/www.masderma.es\/distribuidora\/wp-json\/wp\/v2\/product\/10220","targetHints":{"allow":["GET"]}}],"collection":[{"href":"https:\/\/www.masderma.es\/distribuidora\/wp-json\/wp\/v2\/product"}],"about":[{"href":"https:\/\/www.masderma.es\/distribuidora\/wp-json\/wp\/v2\/types\/product"}],"wp:featuredmedia":[{"embeddable":true,"href":"https:\/\/www.masderma.es\/distribuidora\/wp-json\/wp\/v2\/media\/10202"}],"wp:attachment":[{"href":"https:\/\/www.masderma.es\/distribuidora\/wp-json\/wp\/v2\/media?parent=10220"}],"wp:term":[{"taxonomy":"product_brand","embeddable":true,"href":"https:\/\/www.masderma.es\/distribuidora\/wp-json\/wp\/v2\/product_brand?post=10220"},{"taxonomy":"product_cat","embeddable":true,"href":"https:\/\/www.masderma.es\/distribuidora\/wp-json\/wp\/v2\/product_cat?post=10220"},{"taxonomy":"product_tag","embeddable":true,"href":"https:\/\/www.masderma.es\/distribuidora\/wp-json\/wp\/v2\/product_tag?post=10220"}],"curies":[{"name":"wp","href":"https:\/\/api.w.org\/{rel}","templated":true}]}}