{"id":10223,"date":"2025-10-14T13:18:15","date_gmt":"2025-10-14T11:18:15","guid":{"rendered":"https:\/\/www.masderma.es\/distribuidora\/?post_type=product&#038;p=10223"},"modified":"2025-11-07T19:29:09","modified_gmt":"2025-11-07T18:29:09","slug":"viales-radiance-ahn","status":"publish","type":"product","link":"https:\/\/www.masderma.es\/distribuidora\/producto\/viales-radiance-ahn\/","title":{"rendered":"Viales Radiance AH+N"},"content":{"rendered":"<div class=\"wpb-content-wrapper\"><p>[vc_row gap=\"20\" equal_height=\"yes\" responsive_tabs_advanced=\"mobile\" woodmart_css_id=\"68dba060afdbf\" responsive_spacing=\"eyJwYXJhbV90eXBlIjoid29vZG1hcnRfcmVzcG9uc2l2ZV9zcGFjaW5nIiwic2VsZWN0b3JfaWQiOiI2OGRiYTA2MGFmZGJmIiwic2hvcnRjb2RlIjoidmNfcm93IiwiZGF0YSI6eyJ0YWJsZXQiOnt9LCJtb2JpbGUiOnt9fX0=\" mobile_bg_img_hidden=\"no\" tablet_bg_img_hidden=\"no\" woodmart_parallax=\"0\" woodmart_gradient_switch=\"no\" woodmart_box_shadow=\"no\" wd_z_index=\"no\" woodmart_disable_overflow=\"0\" row_reverse_mobile=\"1\" row_reverse_tablet=\"0\"][vc_column width=\"1\/2\" css=\".vc_custom_1759224071130{margin-top: -30px !important;border-right-width: 1px !important;background-image: url(https:\/\/www.masderma.es\/distribuidora\/wp-content\/uploads\/2025\/09\/logo-agua2.png?id=9956) !important;background-position: center !important;background-repeat: no-repeat !important;background-size: contain !important;border-right-style: solid !important;border-color: #C2C2C2 !important;}\" woodmart_css_id=\"68dba0fd7b727\" parallax_scroll=\"no\" woodmart_sticky_column=\"false\" wd_collapsible_content_switcher=\"no\" wd_column_role_offcanvas_desktop=\"no\" wd_column_role_offcanvas_tablet=\"no\" wd_column_role_offcanvas_mobile=\"no\" wd_column_role_content_desktop=\"no\" wd_column_role_content_tablet=\"no\" wd_column_role_content_mobile=\"no\" mobile_bg_img_hidden=\"no\" tablet_bg_img_hidden=\"no\" woodmart_parallax=\"0\" woodmart_box_shadow=\"no\" responsive_spacing=\"eyJwYXJhbV90eXBlIjoid29vZG1hcnRfcmVzcG9uc2l2ZV9zcGFjaW5nIiwic2VsZWN0b3JfaWQiOiI2OGRiYTBmZDdiNzI3Iiwic2hvcnRjb2RlIjoidmNfY29sdW1uIiwiZGF0YSI6eyJ0YWJsZXQiOnt9LCJtb2JpbGUiOnsibWFyZ2luLXRvcCI6Ii1weCIsImJvcmRlci1yaWdodC13aWR0aCI6IjBweCIsInBhZGRpbmctdG9wIjoiMHB4In19fQ==\" mobile_reset_margin=\"no\" tablet_reset_margin=\"no\" wd_z_index=\"no\"][vc_column_text css=\"\" woodmart_inline=\"no\" text_larger=\"no\"]<\/p>\n<p style=\"text-align: justify;\"><strong>Ingredientes:<\/strong><\/p>\n<p style=\"text-align: justify;\">Water, Butylene Glycol, Propanediol, 12-Hexanediol, Leontopodiu Alpinum Callus Culture Extract, Resveratrol, Panthenol, Niacinamide,Madecassoside, Sodium Hyaluronate, Sodium DNA, Sodium Citrate, Polysorbate 60, Magnesium Sulfate, Acetyl HexaPeptide-8, Sodium Bicarbonate, Glycine, Glucose, Trehalose, Biotin, Ascorbic Acid, Carbomer, Serine, Glutamic Acid, Sorbitol, Folic Acid, Aspartic Acid, Leucine, Lysine, Betaine, Arginine, Alanine, Valine, Pyridoxine HCI, Taurine, lsoleucine, Phenylalanine, Threonine, Tyrosine, Proline,Histidine, Sodium Chloride, Methionine, Cyanocobalamin, HyaluronicAcid, Cysteine, Potassium Chloride, Ethylhexylglycerin,Calcium Chloride, Tryptophan, Glutathione, Retinol<\/p>\n<p>[\/vc_column_text][\/vc_column][vc_column width=\"1\/2\" css=\".vc_custom_1759224201661{background-image: url(https:\/\/www.masderma.es\/distribuidora\/wp-content\/uploads\/2025\/09\/logo-agua2.png?id=9956) !important;background-position: center !important;background-repeat: no-repeat !important;background-size: contain !important;}\" woodmart_css_id=\"68dba17dea959\" parallax_scroll=\"no\" woodmart_sticky_column=\"false\" wd_collapsible_content_switcher=\"no\" wd_column_role_offcanvas_desktop=\"no\" wd_column_role_offcanvas_tablet=\"no\" wd_column_role_offcanvas_mobile=\"no\" wd_column_role_content_desktop=\"no\" wd_column_role_content_tablet=\"no\" wd_column_role_content_mobile=\"no\" mobile_bg_img_hidden=\"no\" tablet_bg_img_hidden=\"no\" woodmart_parallax=\"0\" woodmart_box_shadow=\"no\" responsive_spacing=\"eyJwYXJhbV90eXBlIjoid29vZG1hcnRfcmVzcG9uc2l2ZV9zcGFjaW5nIiwic2VsZWN0b3JfaWQiOiI2OGRiYTE3ZGVhOTU5Iiwic2hvcnRjb2RlIjoidmNfY29sdW1uIiwiZGF0YSI6eyJ0YWJsZXQiOnt9LCJtb2JpbGUiOnsibWFyZ2luLXRvcCI6Ii00MHB4In19fQ==\" mobile_reset_margin=\"no\" tablet_reset_margin=\"no\" wd_z_index=\"no\"][vc_column_text css=\"\" woodmart_inline=\"no\" text_larger=\"no\"]<\/p>\n<p style=\"text-align: justify;\">Radiance AH+N contiene no solo \u00e1cido hialur\u00f3nico para una hidrataci\u00f3n duradera, sino tambi\u00e9n niacinamida para iluminar, varios componentes vitam\u00ednicos, ADN de sodio para reponer la piel con nutrientes y regenerarla para una apariencia m\u00e1s rellena, polifenoles para un fuerte efecto antioxidante, y muchos m\u00e1s ingredientes activos en la mejor combinaci\u00f3n, proporcionando m\u00faltiples soluciones en un solo vial, perfecto para quienes enfrentan varios problemas de la piel al mismo tiempo.<\/p>\n<p style=\"text-align: justify;\"><strong>Principales activos:<\/strong><\/p>\n<ul>\n<li style=\"text-align: justify;\">Revitalizaci\u00f3n celular completa con vitaminas, amino\u00e1cidos y minerales esenciales.<\/li>\n<li style=\"text-align: justify;\">Hidrataci\u00f3n multicapa con \u00e1cido hialur\u00f3nico, trehalosa y propanediol.<\/li>\n<li style=\"text-align: justify;\">Protecci\u00f3n antioxidante avanzada frente a radicales libres y fotoenvejecimiento.<\/li>\n<li style=\"text-align: justify;\">Reducci\u00f3n de l\u00edneas de expresi\u00f3n con p\u00e9ptidos biomim\u00e9ticos tipo botox.<\/li>\n<li style=\"text-align: justify;\">Mejora del tono, textura y luminosidad con niacinamida, vitamina C y retinol.<\/li>\n<li style=\"text-align: justify;\">Reparaci\u00f3n intensiva para pieles fatigadas, deshidratadas o post-procedimiento.<\/li>\n<\/ul>\n<p>[\/vc_column_text][\/vc_column][\/vc_row]<\/p>\n<\/div>","protected":false},"excerpt":{"rendered":"<p style=\"text-align: justify;\">Producto multifuncional dise\u00f1ado para hidratar en profundidad, calmar, proteger y combatir los signos del envejecimiento, dejando la piel m\u00e1s sana, uniforme y rejuvenecida.<\/p>\n<p style=\"text-align: justify;\"><strong>Formato: <\/strong>5 viales x 5 ml<\/p>\n<p>Antioxidante - Hidratante - Calmante<\/p>\n","protected":false},"featured_media":10208,"template":"","meta":{"_joinchat":[]},"product_brand":[],"product_cat":[106],"product_tag":[],"class_list":{"0":"post-10223","1":"product","2":"type-product","3":"status-publish","4":"has-post-thumbnail","6":"product_cat-viales","8":"first","9":"instock","10":"sale","11":"taxable","12":"shipping-taxable","13":"purchasable","14":"product-type-simple"},"_links":{"self":[{"href":"https:\/\/www.masderma.es\/distribuidora\/wp-json\/wp\/v2\/product\/10223","targetHints":{"allow":["GET"]}}],"collection":[{"href":"https:\/\/www.masderma.es\/distribuidora\/wp-json\/wp\/v2\/product"}],"about":[{"href":"https:\/\/www.masderma.es\/distribuidora\/wp-json\/wp\/v2\/types\/product"}],"wp:featuredmedia":[{"embeddable":true,"href":"https:\/\/www.masderma.es\/distribuidora\/wp-json\/wp\/v2\/media\/10208"}],"wp:attachment":[{"href":"https:\/\/www.masderma.es\/distribuidora\/wp-json\/wp\/v2\/media?parent=10223"}],"wp:term":[{"taxonomy":"product_brand","embeddable":true,"href":"https:\/\/www.masderma.es\/distribuidora\/wp-json\/wp\/v2\/product_brand?post=10223"},{"taxonomy":"product_cat","embeddable":true,"href":"https:\/\/www.masderma.es\/distribuidora\/wp-json\/wp\/v2\/product_cat?post=10223"},{"taxonomy":"product_tag","embeddable":true,"href":"https:\/\/www.masderma.es\/distribuidora\/wp-json\/wp\/v2\/product_tag?post=10223"}],"curies":[{"name":"wp","href":"https:\/\/api.w.org\/{rel}","templated":true}]}}