{"id":9961,"date":"2025-09-30T11:45:40","date_gmt":"2025-09-30T09:45:40","guid":{"rendered":"https:\/\/www.masderma.es\/distribuidora\/?post_type=product&#038;p=9961"},"modified":"2025-10-02T12:23:34","modified_gmt":"2025-10-02T10:23:34","slug":"pad-exfoliante-aha-bha-15-glicolico-15-salicilico-5-hamamelis","status":"publish","type":"product","link":"https:\/\/www.masderma.es\/distribuidora\/producto\/pad-exfoliante-aha-bha-15-glicolico-15-salicilico-5-hamamelis\/","title":{"rendered":"Pad Exfoliante AHA\/BHA \u2013 15% Glic\u00f3lico, 1,5% Salic\u00edlico, 5% Hamamelis"},"content":{"rendered":"<div class=\"wpb-content-wrapper\"><p>[vc_row gap=\"20\" equal_height=\"yes\" responsive_tabs_advanced=\"mobile\" woodmart_css_id=\"68dba060afdbf\" responsive_spacing=\"eyJwYXJhbV90eXBlIjoid29vZG1hcnRfcmVzcG9uc2l2ZV9zcGFjaW5nIiwic2VsZWN0b3JfaWQiOiI2OGRiYTA2MGFmZGJmIiwic2hvcnRjb2RlIjoidmNfcm93IiwiZGF0YSI6eyJ0YWJsZXQiOnt9LCJtb2JpbGUiOnt9fX0=\" mobile_bg_img_hidden=\"no\" tablet_bg_img_hidden=\"no\" woodmart_parallax=\"0\" woodmart_gradient_switch=\"no\" woodmart_box_shadow=\"no\" wd_z_index=\"no\" woodmart_disable_overflow=\"0\" row_reverse_mobile=\"1\" row_reverse_tablet=\"0\"][vc_column width=\"1\/2\" css=\".vc_custom_1759224071130{margin-top: -30px !important;border-right-width: 1px !important;background-image: url(https:\/\/www.masderma.es\/distribuidora\/wp-content\/uploads\/2025\/09\/logo-agua2.png?id=9956) !important;background-position: center !important;background-repeat: no-repeat !important;background-size: contain !important;border-right-style: solid !important;border-color: #C2C2C2 !important;}\" woodmart_css_id=\"68dba0fd7b727\" parallax_scroll=\"no\" woodmart_sticky_column=\"false\" wd_collapsible_content_switcher=\"no\" wd_column_role_offcanvas_desktop=\"no\" wd_column_role_offcanvas_tablet=\"no\" wd_column_role_offcanvas_mobile=\"no\" wd_column_role_content_desktop=\"no\" wd_column_role_content_tablet=\"no\" wd_column_role_content_mobile=\"no\" mobile_bg_img_hidden=\"no\" tablet_bg_img_hidden=\"no\" woodmart_parallax=\"0\" woodmart_box_shadow=\"no\" responsive_spacing=\"eyJwYXJhbV90eXBlIjoid29vZG1hcnRfcmVzcG9uc2l2ZV9zcGFjaW5nIiwic2VsZWN0b3JfaWQiOiI2OGRiYTBmZDdiNzI3Iiwic2hvcnRjb2RlIjoidmNfY29sdW1uIiwiZGF0YSI6eyJ0YWJsZXQiOnt9LCJtb2JpbGUiOnsibWFyZ2luLXRvcCI6Ii1weCIsImJvcmRlci1yaWdodC13aWR0aCI6IjBweCIsInBhZGRpbmctdG9wIjoiMHB4In19fQ==\" mobile_reset_margin=\"no\" tablet_reset_margin=\"no\" wd_z_index=\"no\"][vc_column_text css=\"\" woodmart_inline=\"no\" text_larger=\"no\"]<\/p>\n<p style=\"text-align: justify;\"><strong>Ingredientes activos:<\/strong><\/p>\n<p style=\"text-align: justify;\">- 15% de \u00e1cido glic\u00f3lico<br \/>\n- 5% virgen hamamelis (Hamamelis virginiana)<br \/>\n- 1,5% de \u00e1cido salic\u00edlico<br \/>\n- glicerina<br \/>\n- \u00e1cido c\u00edtrico<\/p>\n<p style=\"text-align: justify;\">-\u00a0<strong>El \u00e1cido glic\u00f3lico<\/strong><br \/>\nEs una de las sustancias qu\u00edmicas m\u00e1s utilizadas en el campo de las exfoliaciones superficiales. Esto provoca una gran cantidad de odas completaso cambios parciales (desprendimientos) en la epidermis \/ capa papilar. Este proceso cambia la piel al estimular la proliferaci\u00f3n epid\u00e9rmica, haciendo que se desprendan capas especiales de la piel. Al mismo tiempo, la piel se rejuvenece sin causar irritaci\u00f3n. Despu\u00e9s de varios tratamientos con \u00e1cido glic\u00f3lico, se pueden determinar m\u00e1s cambios en la piel: se forman nuevos dep\u00f3sitos de col\u00e1geno, aumenta la producci\u00f3n de glucosamina clucano (GAG). Estos ayudan a eliminar las pigmentaciones cut\u00e1neas. El \u00e1cido glic\u00f3lico es muy f\u00e1cil de disolver en agua y tiene un tama\u00f1o molecular muy peque\u00f1o.<\/p>\n<p style=\"text-align: justify;\">-\u00a0<strong>\u00e1cido salic\u00edlico<\/strong><br \/>\nqueratol\u00edtico, comedog\u00e9nico yy tiene propiedades bacteriost\u00e1ticas. Tiene un efecto seborregulador y renovador. El \u00e1cido salic\u00edlico elimina las c\u00e9lulas muertas de la piel en la superficie de los poros, reduce las impurezas, estimula la renovaci\u00f3n celular y previene los poros obstruidos.<\/p>\n<p style=\"text-align: justify;\">-\u00a0<strong>Hamamelis<\/strong>\u00a0(Hamamelis virginiana)<br \/>\ntiene propiedades antiinflamatorias y astringentes comprobadas. Tiene un efecto refrescante y analg\u00e9sico, promueve la curaci\u00f3n de lesiones menores de la piel y alivia la picaz\u00f3n.<\/p>\n<p style=\"text-align: justify;\">-\u00a0<strong>glicerina<\/strong><br \/>\nReduce las manchas y manchas, suaviza la piel, mantiene el equilibrio del agua y mejora la apariencia de la piel. Puede combatir los efectos de enfermedades de la piel como la psoriasis.<br \/>\nTambi\u00e9n tiene un efecto antienvejecimiento: la glicerina hace que la piel se vea mucho m\u00e1s joven y hermosa y reduce las arrugas.<\/p>\n<p style=\"text-align: justify;\">-\u00a0<strong>\u00e1cido c\u00edtrico<\/strong><br \/>\nEs un poderoso antioxidante que suaviza la piel. Ofrece beneficios adicionales: hidratante y astringente.<\/p>\n<p style=\"text-align: justify;\"><strong>Adem\u00e1s, tambi\u00e9n es conocido por las siguientes ventajas:<br \/>\n<\/strong>- Incrementar la producci\u00f3n de col\u00e1geno<br \/>\n- Propiedades antioxidantes y curativas significativas<br \/>\n- Ayuda a suavizar la piel.<br \/>\n- Reduce l\u00edneas finas y arrugas<br \/>\n- Minimiza las cicatrices<\/p>\n<p style=\"text-align: justify;\"><strong>Auxiliar:<br \/>\n<\/strong>Loci\u00f3n no grasa con r\u00e1pida absorci\u00f3n.<br \/>\nCosm\u00e9ticos sin animales, sin ingredientes animales, sin ingredientes sint\u00e9ticos, sin parafina, sin colorantes, sin aceite mineral, sin sulfato, sin la adici\u00f3n de parabenos cuestionables, sin Kathon, (...) para una mejor tolerancia de la piel.<\/p>\n<p style=\"text-align: justify;\"><strong>Forma farmac\u00e9utica:<br \/>\n<\/strong>12x almohadillas peladoras<br \/>\n(Las toallitas de limpieza son muy pr\u00e1cticas y muy higi\u00e9nicas porque se envasan individualmente).<\/p>\n<p>[\/vc_column_text][\/vc_column][vc_column width=\"1\/2\" css=\".vc_custom_1759224201661{background-image: url(https:\/\/www.masderma.es\/distribuidora\/wp-content\/uploads\/2025\/09\/logo-agua2.png?id=9956) !important;background-position: center !important;background-repeat: no-repeat !important;background-size: contain !important;}\" woodmart_css_id=\"68dba17dea959\" parallax_scroll=\"no\" woodmart_sticky_column=\"false\" wd_collapsible_content_switcher=\"no\" wd_column_role_offcanvas_desktop=\"no\" wd_column_role_offcanvas_tablet=\"no\" wd_column_role_offcanvas_mobile=\"no\" wd_column_role_content_desktop=\"no\" wd_column_role_content_tablet=\"no\" wd_column_role_content_mobile=\"no\" mobile_bg_img_hidden=\"no\" tablet_bg_img_hidden=\"no\" woodmart_parallax=\"0\" woodmart_box_shadow=\"no\" responsive_spacing=\"eyJwYXJhbV90eXBlIjoid29vZG1hcnRfcmVzcG9uc2l2ZV9zcGFjaW5nIiwic2VsZWN0b3JfaWQiOiI2OGRiYTE3ZGVhOTU5Iiwic2hvcnRjb2RlIjoidmNfY29sdW1uIiwiZGF0YSI6eyJ0YWJsZXQiOnt9LCJtb2JpbGUiOnsibWFyZ2luLXRvcCI6Ii00MHB4In19fQ==\" mobile_reset_margin=\"no\" tablet_reset_margin=\"no\" wd_z_index=\"no\"][vc_column_text css=\"\" woodmart_inline=\"no\" text_larger=\"no\"]<\/p>\n<p style=\"text-align: justify;\">Ideal como primer peeling.<\/p>\n<p style=\"text-align: justify;\">Preparaci\u00f3n de la piel antes de usar peelings dermatol\u00f3gicos o qu\u00edmicos, microdermabrasi\u00f3n y mascarillas para el cuidado. Formulado para limpiar los poros obstruidos, eliminar los restos celulares, absorber el exceso de sebo y tambi\u00e9n reducir su producci\u00f3n.<\/p>\n<p style=\"text-align: justify;\">Ideal para el cuidado y limpieza de pieles grasas y con tendencia acneica.<\/p>\n<p style=\"text-align: justify;\"><strong>Caracter\u00edsticas:<\/strong><\/p>\n<p style=\"text-align: justify;\">Ideal como primer peeling. Limpieza de pieles grasas y con acn\u00e9.<br \/>\n- Preparar la piel antes de aplicar exfoliaciones qu\u00edmicas, microdermabrasi\u00f3n y m\u00e1scaras para el cuidado del col\u00e1geno.<br \/>\n- Para aumentar la capacidad de absorci\u00f3n de la piel y, por lo tanto, la efectividad de las mascarillas faciales, los productos anti-envejecimiento y humectantes, etc.<br \/>\n- Debido al efecto de renovaci\u00f3n celular, este producto es muy adecuado para el tratamiento de la piel madura.<br \/>\n- El \u00e1cido salic\u00edlico es perfecto para la piel grasa y propensa al acn\u00e9 porque inhibe el crecimiento bacteriano, regula la formaci\u00f3n de sebo y tiene un efecto de liberaci\u00f3n de cuernos.<br \/>\n- Excelente adici\u00f3n a la m\u00e1scara de pelado CLEAR de IDEALDERM.<\/p>\n<p>[\/vc_column_text][\/vc_column][\/vc_row]<\/p>\n<\/div>","protected":false},"excerpt":{"rendered":"<p style=\"text-align: justify;\">Ideal como primer peeling.<\/p>\n<p style=\"text-align: justify;\">Preparaci\u00f3n de la piel antes de aplicar exfoliaciones qu\u00edmicas dermatol\u00f3gicas, microdermabrasi\u00f3n y m\u00e1scaras de cuidado.<\/p>\n<p style=\"text-align: justify;\">Formulado para limpiar los poros obstruidos, eliminar los restos celulares, absorber el exceso de sebo y tambi\u00e9n reducir su producci\u00f3n.<\/p>\n<p style=\"text-align: justify;\">Ideal para el cuidado y limpieza de pieles grasas y con tendencia acneica.<\/p>\n<p style=\"text-align: justify;\"><strong>Presentaci\u00f3n:<\/strong><\/p>\n","protected":false},"featured_media":10027,"template":"","meta":{"_joinchat":[]},"product_brand":[],"product_cat":[94],"product_tag":[],"class_list":{"0":"post-9961","1":"product","2":"type-product","3":"status-publish","4":"has-post-thumbnail","6":"product_cat-peelings","8":"first","9":"instock","10":"taxable","11":"shipping-taxable","12":"product-type-simple"},"_links":{"self":[{"href":"https:\/\/www.masderma.es\/distribuidora\/wp-json\/wp\/v2\/product\/9961","targetHints":{"allow":["GET"]}}],"collection":[{"href":"https:\/\/www.masderma.es\/distribuidora\/wp-json\/wp\/v2\/product"}],"about":[{"href":"https:\/\/www.masderma.es\/distribuidora\/wp-json\/wp\/v2\/types\/product"}],"wp:featuredmedia":[{"embeddable":true,"href":"https:\/\/www.masderma.es\/distribuidora\/wp-json\/wp\/v2\/media\/10027"}],"wp:attachment":[{"href":"https:\/\/www.masderma.es\/distribuidora\/wp-json\/wp\/v2\/media?parent=9961"}],"wp:term":[{"taxonomy":"product_brand","embeddable":true,"href":"https:\/\/www.masderma.es\/distribuidora\/wp-json\/wp\/v2\/product_brand?post=9961"},{"taxonomy":"product_cat","embeddable":true,"href":"https:\/\/www.masderma.es\/distribuidora\/wp-json\/wp\/v2\/product_cat?post=9961"},{"taxonomy":"product_tag","embeddable":true,"href":"https:\/\/www.masderma.es\/distribuidora\/wp-json\/wp\/v2\/product_tag?post=9961"}],"curies":[{"name":"wp","href":"https:\/\/api.w.org\/{rel}","templated":true}]}}