{"id":9963,"date":"2025-09-30T11:51:18","date_gmt":"2025-09-30T09:51:18","guid":{"rendered":"https:\/\/www.masderma.es\/distribuidora\/?post_type=product&#038;p=9963"},"modified":"2025-10-02T12:23:02","modified_gmt":"2025-10-02T10:23:02","slug":"peeling-de-acido-frutal-con-un-15-de-acido-glicolico-en-forma-de-crema-mascarilla","status":"publish","type":"product","link":"https:\/\/www.masderma.es\/distribuidora\/producto\/peeling-de-acido-frutal-con-un-15-de-acido-glicolico-en-forma-de-crema-mascarilla\/","title":{"rendered":"Peeling de \u00e1cido frutal con un 15% de \u00e1cido glic\u00f3lico en forma de crema mascarilla"},"content":{"rendered":"<div class=\"wpb-content-wrapper\"><p>[vc_row gap=\"20\" equal_height=\"yes\" responsive_tabs_advanced=\"mobile\" woodmart_css_id=\"68dba060afdbf\" responsive_spacing=\"eyJwYXJhbV90eXBlIjoid29vZG1hcnRfcmVzcG9uc2l2ZV9zcGFjaW5nIiwic2VsZWN0b3JfaWQiOiI2OGRiYTA2MGFmZGJmIiwic2hvcnRjb2RlIjoidmNfcm93IiwiZGF0YSI6eyJ0YWJsZXQiOnt9LCJtb2JpbGUiOnt9fX0=\" mobile_bg_img_hidden=\"no\" tablet_bg_img_hidden=\"no\" woodmart_parallax=\"0\" woodmart_gradient_switch=\"no\" woodmart_box_shadow=\"no\" wd_z_index=\"no\" woodmart_disable_overflow=\"0\" row_reverse_mobile=\"1\" row_reverse_tablet=\"0\"][vc_column width=\"1\/2\" css=\".vc_custom_1759224071130{margin-top: -30px !important;border-right-width: 1px !important;background-image: url(https:\/\/www.masderma.es\/distribuidora\/wp-content\/uploads\/2025\/09\/logo-agua2.png?id=9956) !important;background-position: center !important;background-repeat: no-repeat !important;background-size: contain !important;border-right-style: solid !important;border-color: #C2C2C2 !important;}\" woodmart_css_id=\"68dba0fd7b727\" parallax_scroll=\"no\" woodmart_sticky_column=\"false\" wd_collapsible_content_switcher=\"no\" wd_column_role_offcanvas_desktop=\"no\" wd_column_role_offcanvas_tablet=\"no\" wd_column_role_offcanvas_mobile=\"no\" wd_column_role_content_desktop=\"no\" wd_column_role_content_tablet=\"no\" wd_column_role_content_mobile=\"no\" mobile_bg_img_hidden=\"no\" tablet_bg_img_hidden=\"no\" woodmart_parallax=\"0\" woodmart_box_shadow=\"no\" responsive_spacing=\"eyJwYXJhbV90eXBlIjoid29vZG1hcnRfcmVzcG9uc2l2ZV9zcGFjaW5nIiwic2VsZWN0b3JfaWQiOiI2OGRiYTBmZDdiNzI3Iiwic2hvcnRjb2RlIjoidmNfY29sdW1uIiwiZGF0YSI6eyJ0YWJsZXQiOnt9LCJtb2JpbGUiOnsibWFyZ2luLXRvcCI6Ii1weCIsImJvcmRlci1yaWdodC13aWR0aCI6IjBweCIsInBhZGRpbmctdG9wIjoiMHB4In19fQ==\" mobile_reset_margin=\"no\" tablet_reset_margin=\"no\" wd_z_index=\"no\"][vc_column_text css=\"\" woodmart_inline=\"no\" text_larger=\"no\"]<\/p>\n<p style=\"text-align: justify;\"><strong>Ingredientes activos:<\/strong><\/p>\n<p style=\"text-align: justify;\">15% de \u00e1cido glic\u00f3lico + mentol + lactato de mentilo.<\/p>\n<p style=\"text-align: justify;\">Aplicar en el rostro, cuello y escote, idealmente con el pincel tipo 02 (para mascarillas y cremas), de lo contrario con las yemas de los dedos.<\/p>\n<p style=\"text-align: justify;\">Retirar despu\u00e9s de 10 minutos con una esponja o un pa\u00f1o h\u00famedo.<\/p>\n<p style=\"text-align: justify;\"><strong>\u00c1rea de aplicaci\u00f3n:<\/strong><\/p>\n<p style=\"text-align: justify;\">Mascarilla de arcilla blanca que contiene un 15% de \u00e1cido glic\u00f3lico. Induce una abrasi\u00f3n de la capa superior de la piel. Esto elimina las impurezas de la piel y estimula la renovaci\u00f3n celular. Favorece la s\u00edntesis de col\u00e1geno, elastina y GAG. Tambi\u00e9n ayuda a reducir la secreci\u00f3n de sebo, elimina los puntos negros y mejora la transferencia de melanina.<\/p>\n<p>[\/vc_column_text][\/vc_column][vc_column width=\"1\/2\" css=\".vc_custom_1759224201661{background-image: url(https:\/\/www.masderma.es\/distribuidora\/wp-content\/uploads\/2025\/09\/logo-agua2.png?id=9956) !important;background-position: center !important;background-repeat: no-repeat !important;background-size: contain !important;}\" woodmart_css_id=\"68dba17dea959\" parallax_scroll=\"no\" woodmart_sticky_column=\"false\" wd_collapsible_content_switcher=\"no\" wd_column_role_offcanvas_desktop=\"no\" wd_column_role_offcanvas_tablet=\"no\" wd_column_role_offcanvas_mobile=\"no\" wd_column_role_content_desktop=\"no\" wd_column_role_content_tablet=\"no\" wd_column_role_content_mobile=\"no\" mobile_bg_img_hidden=\"no\" tablet_bg_img_hidden=\"no\" woodmart_parallax=\"0\" woodmart_box_shadow=\"no\" responsive_spacing=\"eyJwYXJhbV90eXBlIjoid29vZG1hcnRfcmVzcG9uc2l2ZV9zcGFjaW5nIiwic2VsZWN0b3JfaWQiOiI2OGRiYTE3ZGVhOTU5Iiwic2hvcnRjb2RlIjoidmNfY29sdW1uIiwiZGF0YSI6eyJ0YWJsZXQiOnt9LCJtb2JpbGUiOnsibWFyZ2luLXRvcCI6Ii00MHB4In19fQ==\" mobile_reset_margin=\"no\" tablet_reset_margin=\"no\" wd_z_index=\"no\"][vc_column_text css=\"\" woodmart_inline=\"no\" text_larger=\"no\"]<\/p>\n<p style=\"text-align: justify;\">Apoya la regeneraci\u00f3n natural de la piel. El peeling ayuda a eliminar las c\u00e9lulas muertas de la piel y estimula la renovaci\u00f3n natural de las c\u00e9lulas. El \u00e1cido glic\u00f3lico respalda las funciones naturales de la piel: renovaci\u00f3n celular.<\/p>\n<p><strong>Los efectos se manifiestan de dos maneras:<\/strong><\/p>\n<ol style=\"text-align: justify;\">\n<li>Peeling: Ayuda a la piel a desprenderse de las c\u00e9lulas muertas y estimula la formaci\u00f3n de nuevas c\u00e9lulas. El peeling elimina las c\u00e9lulas muertas mientras estimula el proceso de regeneraci\u00f3n con la formaci\u00f3n de nuevas c\u00e9lulas.<\/li>\n<li>Epidermolisis: Desprende las c\u00e9lulas de la epidermis. La textura de la piel se refina y se aten\u00faan las arrugas superficiales.<\/li>\n<\/ol>\n<p style=\"text-align: justify;\"><strong>Esta mascarilla exfoliante ofrece tres ventajas complementarias:<\/strong><\/p>\n<ol style=\"text-align: justify;\">\n<li>Gracias a su forma gal\u00e9nica como mascarilla (crema cremosa), la acci\u00f3n de oclusi\u00f3n en la piel favorece la penetraci\u00f3n de los activos y potencia la acci\u00f3n exfoliante, haci\u00e9ndola m\u00e1s efectiva.<\/li>\n<li>Simult\u00e1neamente, el Menthol minimiza las desagradables sensaciones de quemaz\u00f3n (causadas por la acidez y la acci\u00f3n exfoliante) mientras proporciona una sensaci\u00f3n de enfriamiento y frescor.<\/li>\n<li>Estas acciones son reforzadas y prolongadas por el Menthyl Lactate, una sustancia derivada del \u00c1cido L\u00e1ctico y el Menthol, que es m\u00e1s refrescante que el Menthol. Por lo tanto, estas sensaciones refrescantes y de enfriamiento se extienden en el tiempo.<\/li>\n<\/ol>\n<p style=\"text-align: justify;\">A diferencia de otros peelings comunes, este peeling act\u00faa de manera fuerte (potenciado por la oclusi\u00f3n) siendo m\u00e1s agradable y confortable!<\/p>\n<p><strong>Propiedades del \u00e1cido glic\u00f3lico:<\/strong><br \/>\nEl \u00e1cido glic\u00f3lico (GA) es una de las sustancias qu\u00edmicas m\u00e1s utilizadas en los peelings superficiales. Causa una variedad de cambios completos o parciales (desprendimientos) en la epidermis\/capa papilar. Este proceso altera la piel al estimular la proliferaci\u00f3n epid\u00e9rmica, lo que lleva a la eliminaci\u00f3n de capas espec\u00edficas de la piel. Al mismo tiempo, rejuvenece la piel sin causar irritaci\u00f3n. Despu\u00e9s de algunas sesiones de \u00e1cido glic\u00f3lico, se pueden observar otros cambios en la piel: se forman nuevos dep\u00f3sitos de col\u00e1geno y aumenta la producci\u00f3n de glicosaminoglicanos (GAG), que ayudan a eliminar las pigmentaciones cut\u00e1neas. El \u00e1cido glic\u00f3lico se disuelve f\u00e1cilmente en agua y tiene un tama\u00f1o molecular muy peque\u00f1o. Estas dos propiedades adicionales le permiten lograr una mejor penetraci\u00f3n transepid\u00e9rmica. Por esta raz\u00f3n, pueden ocurrir ligeras irritaciones despu\u00e9s de la aplicaci\u00f3n.[\/vc_column_text][\/vc_column][\/vc_row]<\/p>\n<\/div>","protected":false},"excerpt":{"rendered":"<p style=\"text-align: justify;\">Apoya la regeneraci\u00f3n natural de la piel.<\/p>\n<p style=\"text-align: justify;\">El peeling ayuda a eliminar las c\u00e9lulas muertas de la piel y estimula la renovaci\u00f3n natural de las c\u00e9lulas.<\/p>\n<p style=\"text-align: justify;\">El \u00e1cido glic\u00f3lico respalda las funciones naturales de la piel: renovaci\u00f3n celular.<\/p>\n<p style=\"text-align: justify;\">Contiene un 15% de \u00e1cido glic\u00f3lico, que respalda la regeneraci\u00f3n natural de las funciones cut\u00e1neas.<\/p>\n<p style=\"text-align: justify;\"><strong>Presentaci\u00f3n:\u00a0<\/strong>Botella sin aire con 50 ml (para aproximadamente 15 a 25 aplicaciones).<\/p>\n","protected":false},"featured_media":10021,"template":"","meta":{"_joinchat":[]},"product_brand":[],"product_cat":[94],"product_tag":[],"class_list":{"0":"post-9963","1":"product","2":"type-product","3":"status-publish","4":"has-post-thumbnail","6":"product_cat-peelings","8":"first","9":"instock","10":"taxable","11":"shipping-taxable","12":"product-type-simple"},"_links":{"self":[{"href":"https:\/\/www.masderma.es\/distribuidora\/wp-json\/wp\/v2\/product\/9963","targetHints":{"allow":["GET"]}}],"collection":[{"href":"https:\/\/www.masderma.es\/distribuidora\/wp-json\/wp\/v2\/product"}],"about":[{"href":"https:\/\/www.masderma.es\/distribuidora\/wp-json\/wp\/v2\/types\/product"}],"wp:featuredmedia":[{"embeddable":true,"href":"https:\/\/www.masderma.es\/distribuidora\/wp-json\/wp\/v2\/media\/10021"}],"wp:attachment":[{"href":"https:\/\/www.masderma.es\/distribuidora\/wp-json\/wp\/v2\/media?parent=9963"}],"wp:term":[{"taxonomy":"product_brand","embeddable":true,"href":"https:\/\/www.masderma.es\/distribuidora\/wp-json\/wp\/v2\/product_brand?post=9963"},{"taxonomy":"product_cat","embeddable":true,"href":"https:\/\/www.masderma.es\/distribuidora\/wp-json\/wp\/v2\/product_cat?post=9963"},{"taxonomy":"product_tag","embeddable":true,"href":"https:\/\/www.masderma.es\/distribuidora\/wp-json\/wp\/v2\/product_tag?post=9963"}],"curies":[{"name":"wp","href":"https:\/\/api.w.org\/{rel}","templated":true}]}}