{"id":9992,"date":"2025-09-30T17:26:21","date_gmt":"2025-09-30T15:26:21","guid":{"rendered":"https:\/\/www.masderma.es\/distribuidora\/?post_type=product&#038;p=9992"},"modified":"2025-11-07T19:36:28","modified_gmt":"2025-11-07T18:36:28","slug":"peeling-con-piruvico-40-lactico-10","status":"publish","type":"product","link":"https:\/\/www.masderma.es\/distribuidora\/producto\/peeling-con-piruvico-40-lactico-10\/","title":{"rendered":"Peeling con pir\u00favico 40% + l\u00e1ctico 10% Idealderm"},"content":{"rendered":"<div class=\"wpb-content-wrapper\"><p>[vc_row gap=\"20\" equal_height=\"yes\" woodmart_css_id=\"68dbec093f61f\" responsive_spacing=\"eyJwYXJhbV90eXBlIjoid29vZG1hcnRfcmVzcG9uc2l2ZV9zcGFjaW5nIiwic2VsZWN0b3JfaWQiOiI2OGRiZWMwOTNmNjFmIiwic2hvcnRjb2RlIjoidmNfcm93IiwiZGF0YSI6eyJ0YWJsZXQiOnt9LCJtb2JpbGUiOnt9fX0=\" mobile_bg_img_hidden=\"no\" tablet_bg_img_hidden=\"no\" woodmart_parallax=\"0\" woodmart_gradient_switch=\"no\" woodmart_box_shadow=\"no\" wd_z_index=\"no\" woodmart_disable_overflow=\"0\" row_reverse_mobile=\"1\" row_reverse_tablet=\"0\"][vc_column width=\"1\/2\" css=\".vc_custom_1759224071130{margin-top: -30px !important;border-right-width: 1px !important;background-image: url(https:\/\/www.masderma.es\/distribuidora\/wp-content\/uploads\/2025\/09\/logo-agua2.png?id=9956) !important;background-position: center !important;background-repeat: no-repeat !important;background-size: contain !important;border-right-style: solid !important;border-color: #C2C2C2 !important;}\" woodmart_css_id=\"68dba0fd7b727\" parallax_scroll=\"no\" woodmart_sticky_column=\"false\" wd_collapsible_content_switcher=\"no\" wd_column_role_offcanvas_desktop=\"no\" wd_column_role_offcanvas_tablet=\"no\" wd_column_role_offcanvas_mobile=\"no\" wd_column_role_content_desktop=\"no\" wd_column_role_content_tablet=\"no\" wd_column_role_content_mobile=\"no\" mobile_bg_img_hidden=\"no\" tablet_bg_img_hidden=\"no\" woodmart_parallax=\"0\" woodmart_box_shadow=\"no\" responsive_spacing=\"eyJwYXJhbV90eXBlIjoid29vZG1hcnRfcmVzcG9uc2l2ZV9zcGFjaW5nIiwic2VsZWN0b3JfaWQiOiI2OGRiYTBmZDdiNzI3Iiwic2hvcnRjb2RlIjoidmNfY29sdW1uIiwiZGF0YSI6eyJ0YWJsZXQiOnt9LCJtb2JpbGUiOnsibWFyZ2luLXRvcCI6Ii1weCIsImJvcmRlci1yaWdodC13aWR0aCI6IjBweCIsInBhZGRpbmctdG9wIjoiMHB4In19fQ==\" mobile_reset_margin=\"no\" tablet_reset_margin=\"no\" wd_z_index=\"no\"][vc_column_text css=\"\" woodmart_inline=\"no\" text_larger=\"no\"]<\/p>\n<p style=\"text-align: justify;\"><strong>Ingredientes:<\/strong><\/p>\n<div class=\"spx_pd__box spx_pd__box-tabs\" style=\"text-align: justify;\">\n<nav class=\"tab-navigation\">\n<div id=\"tab-content-product-tabs\" class=\"tab-content\">\n<div id=\"tab-Ingredientes\" class=\"tab-pane fade active show\" role=\"tabpanel\" aria-labelledby=\"tab-link-Ingredientes\">\n<p style=\"text-align: justify;\">\u00c1cido pir\u00favico, alcohol desnaturalizado, propilenglicol, \u00e1cido l\u00e1ctico, agua, CI 42090.<\/p>\n<p style=\"text-align: justify;\"><strong>\u00c1cido pir\u00favico (40%)<\/strong><br \/>\nUn poderoso agente exfoliante que penetra profundamente en la piel, abordando eficazmente las arrugas moderadas a profundas, promoviendo la renovaci\u00f3n celular y mejorando la textura y firmeza de la piel.<\/p>\n<p style=\"text-align: justify;\"><strong>\u00c1cido l\u00e1ctico (10%)<\/strong><br \/>\nUn suave alfa-hidroxi\u00e1cido (AHA) que hidrata e ilumina la piel, reduciendo la hiperpigmentaci\u00f3n y refinando la textura para una tez m\u00e1s suave y uniforme.<\/p>\n<p style=\"text-align: justify;\"><strong>Alcohol desnaturalizado<\/strong><br \/>\nMejora la penetraci\u00f3n de los ingredientes activos, permitiendo que los \u00e1cidos pir\u00favico y l\u00e1ctico trabajen de manera m\u00e1s efectiva, al tiempo que proporciona una sensaci\u00f3n ligera y de secado r\u00e1pido.<\/p>\n<p style=\"text-align: justify;\"><strong>Propilenglicol<\/strong><br \/>\nUn humectante que atrae la humedad hacia la piel, asegurando hidrataci\u00f3n y mejorando la absorci\u00f3n de los ingredientes activos.<\/p>\n<p style=\"text-align: justify;\"><strong>Agua<\/strong><br \/>\nEl solvente principal, que proporciona hidrataci\u00f3n y facilita la aplicaci\u00f3n uniforme de la soluci\u00f3n de peeling.<\/p>\n<p style=\"text-align: justify;\"><strong>CI 42090<\/strong><br \/>\nUn colorante cosm\u00e9tico que aporta un tono visual atractivo al producto.<\/p>\n<p style=\"text-align: justify;\"><strong>Ingredientes activos:<\/strong><\/p>\n<p style=\"text-align: justify;\"><strong>40% de \u00e1cido pir\u00favico<\/strong><br \/>\nes un ceto\u00e1cido que se encuentra en la miel, el vinagre, las manzanas y las frutas fermentadas y tiene efectos a nivel epid\u00e9rmico y d\u00e9rmico.<\/p>\n<p style=\"text-align: justify;\">- A nivel epid\u00e9rmico, es muy eficaz en el tratamiento del acn\u00e9 ya que regula la secreci\u00f3n de sebo y tiene propiedades queratol\u00edticas y antimicrobianas.<\/p>\n<p style=\"text-align: justify;\">- A nivel d\u00e9rmico, estimula la producci\u00f3n de nuevo col\u00e1geno, la formaci\u00f3n de fibras el\u00e1sticas y glicoprote\u00ednas, lo que conduce a la reducci\u00f3n de arrugas, fotoenvejecimiento e hiperpigmentaci\u00f3n. Provoca una aut\u00e9ntica remodelaci\u00f3n de la piel, mejora la estructura cut\u00e1nea y reduce su flacidez. Gracias a su bajo pka y a su peque\u00f1o tama\u00f1o de mol\u00e9cula, penetra r\u00e1pida y profundamente en la piel.<\/p>\n<p style=\"text-align: justify;\"><strong>10% de \u00c1cido l\u00e1ctico<\/strong><br \/>\nrefuerza la funci\u00f3n de \"barrera\" de la piel y promueve la hidrataci\u00f3n de la piel. El \u00e1cido l\u00e1ctico aumenta la propia producci\u00f3n de col\u00e1geno, elastina y \u00e1cido hialur\u00f3nico de la piel. La piel se alisa y se reduce la aparici\u00f3n de arrugas.<\/p>\n<p style=\"text-align: justify;\"><em>*Siga las instrucciones del fabricante adjuntas, paso a paso y muy detalladas.<\/em><\/p>\n<\/div>\n<\/div>\n<\/nav>\n<\/div>\n<p>[\/vc_column_text][\/vc_column][vc_column width=\"1\/2\" css=\".vc_custom_1759224201661{background-image: url(https:\/\/www.masderma.es\/distribuidora\/wp-content\/uploads\/2025\/09\/logo-agua2.png?id=9956) !important;background-position: center !important;background-repeat: no-repeat !important;background-size: contain !important;}\" woodmart_css_id=\"68dba17dea959\" parallax_scroll=\"no\" woodmart_sticky_column=\"false\" wd_collapsible_content_switcher=\"no\" wd_column_role_offcanvas_desktop=\"no\" wd_column_role_offcanvas_tablet=\"no\" wd_column_role_offcanvas_mobile=\"no\" wd_column_role_content_desktop=\"no\" wd_column_role_content_tablet=\"no\" wd_column_role_content_mobile=\"no\" mobile_bg_img_hidden=\"no\" tablet_bg_img_hidden=\"no\" woodmart_parallax=\"0\" woodmart_box_shadow=\"no\" responsive_spacing=\"eyJwYXJhbV90eXBlIjoid29vZG1hcnRfcmVzcG9uc2l2ZV9zcGFjaW5nIiwic2VsZWN0b3JfaWQiOiI2OGRiYTE3ZGVhOTU5Iiwic2hvcnRjb2RlIjoidmNfY29sdW1uIiwiZGF0YSI6eyJ0YWJsZXQiOnt9LCJtb2JpbGUiOnsibWFyZ2luLXRvcCI6Ii00MHB4In19fQ==\" mobile_reset_margin=\"no\" tablet_reset_margin=\"no\" wd_z_index=\"no\"][vc_column_text css=\"\" woodmart_inline=\"no\" text_larger=\"no\"]<\/p>\n<p style=\"text-align: justify;\"><strong>\u00c1mbito de aplicaci\u00f3n:<\/strong><br \/>\nAcn\u00e9 inflamatorio y no inflamatorio, cicatrices de acn\u00e9, melasma, seborrea.<\/p>\n<p style=\"text-align: justify;\"><strong>Caracteristicas:<\/strong><br \/>\nEl \u00e1cido pir\u00favico provoca efectos epid\u00e9rmicos y d\u00e9rmicos. Inhibe la cohesi\u00f3n de los corneocitos y previene una capa de grasa excesivamente gruesa en la capa c\u00f3rnea. El desprendimiento de la piel muerta se produce sin provocar sequedad en la piel.<\/p>\n<p style=\"text-align: justify;\">El \u00e1cido pir\u00favico se convierte con el \u00e1cido l\u00e1ctico en un AHA.<\/p>\n<p style=\"text-align: justify;\">- Tiene propiedades hidratantes, construye una pel\u00edcula protectora sobre la piel, lo que evita que se reseque.<br \/>\n- Por sus propiedades queratol\u00edticas, sebost\u00e1ticas y antimicrobianas, este peeling es especialmente adecuado para el tratamiento del acn\u00e9.<br \/>\n- Estimula la producci\u00f3n de col\u00e1geno, elastina y glucoprote\u00edna mejor que un peeling que contiene \u00e1cido glic\u00f3lico.<br \/>\n- Consigue el mismo efecto que un peeling que contiene TCA, pero sin los efectos secundarios habituales (enrojecimiento, picor, dolor).<br \/>\n- Su textura en gel es muy \u00e1cida; esto provoca una penetraci\u00f3n muy lenta y agradable en la piel, sin dolor ni enrojecimiento. Inmediatamente despu\u00e9s de la aplicaci\u00f3n, es completamente normal ver un ligero eritema; sin embargo, este desaparece despu\u00e9s de unas Horas.<\/p>\n<p style=\"text-align: justify;\"><strong>Periodo de tratamiento:<\/strong><br \/>\nSe deben realizar m\u00faltiples tratamientos para lograr los resultados deseados. Se recomienda tener 6 sesiones con un intervalo de 2 a 4 semanas. No obstante, los planes de tratamiento deben personalizarse seg\u00fan la fuerza del exfoliante y las condiciones y caracter\u00edsticas de la piel a tratar.<br \/>\nSe recomienda una sesi\u00f3n cada 6 a 12 meses para refrescarse.<\/p>\n<p>[\/vc_column_text][\/vc_column][\/vc_row]<\/p>\n<\/div>","protected":false},"excerpt":{"rendered":"<p style=\"text-align: justify;\">El Peeling con pir\u00favico + l\u00e1ctico es la mejor alternativa al TCA, ideal para: <em>tipos de piel clara.<\/em><\/p>\n<p style=\"text-align: justify;\">- Da\u00f1o cut\u00e1neo causado por la luz.<br \/>\n- Arrugas medias y profundas<br \/>\n- hiperpigmentaci\u00f3n, melasma<br \/>\n- queratosis act\u00ednica<br \/>\n- verrugas<br \/>\n- Cicatrices superficiales<br \/>\n- acn\u00e9, cicatrices de acn\u00e9<br \/>\n- Mejora la textura y la luminosidad.<\/p>\n<p style=\"text-align: justify;\"><strong>Presentaci\u00f3n: <\/strong>Frasco de 50 ml con vaso medidor (para aproximadamente 20 a 30 pacientes).<\/p>\n","protected":false},"featured_media":10043,"template":"","meta":{"_joinchat":[]},"product_brand":[],"product_cat":[94],"product_tag":[],"class_list":{"0":"post-9992","1":"product","2":"type-product","3":"status-publish","4":"has-post-thumbnail","6":"product_cat-peelings","8":"first","9":"instock","10":"taxable","11":"shipping-taxable","12":"product-type-simple"},"_links":{"self":[{"href":"https:\/\/www.masderma.es\/distribuidora\/wp-json\/wp\/v2\/product\/9992","targetHints":{"allow":["GET"]}}],"collection":[{"href":"https:\/\/www.masderma.es\/distribuidora\/wp-json\/wp\/v2\/product"}],"about":[{"href":"https:\/\/www.masderma.es\/distribuidora\/wp-json\/wp\/v2\/types\/product"}],"wp:featuredmedia":[{"embeddable":true,"href":"https:\/\/www.masderma.es\/distribuidora\/wp-json\/wp\/v2\/media\/10043"}],"wp:attachment":[{"href":"https:\/\/www.masderma.es\/distribuidora\/wp-json\/wp\/v2\/media?parent=9992"}],"wp:term":[{"taxonomy":"product_brand","embeddable":true,"href":"https:\/\/www.masderma.es\/distribuidora\/wp-json\/wp\/v2\/product_brand?post=9992"},{"taxonomy":"product_cat","embeddable":true,"href":"https:\/\/www.masderma.es\/distribuidora\/wp-json\/wp\/v2\/product_cat?post=9992"},{"taxonomy":"product_tag","embeddable":true,"href":"https:\/\/www.masderma.es\/distribuidora\/wp-json\/wp\/v2\/product_tag?post=9992"}],"curies":[{"name":"wp","href":"https:\/\/api.w.org\/{rel}","templated":true}]}}